01130.
2, 3, 5, 7, 251, 367
List the prime factors of 345859523.
359, 963397
List the prime factors of 9299520.
2, 3, 5, 3229
What are the prime factors of 137521344?
2, 3, 716257
What are the prime factors of 70927330?
2, 5, 29, 131, 1867
List the prime factors of 106977781.
29, 47, 78487
What are the prime factors of 343808994?
2, 3, 43, 139, 9587
What are the prime factors of 162637461?
3, 7, 281, 9187
What are the prime factors of 82015007?
467, 175621
List the prime factors of 35317884.
2, 3, 7, 19, 22129
What are the prime factors of 8621565?
3, 5, 31, 18541
List the prime factors of 38341990.
2, 5, 37, 173, 599
List the prime factors of 221573981.
443, 500167
What are the prime factors of 357163334?
2, 11, 599, 27103
List the prime factors of 1511035096.
2, 113, 347, 4817
List the prime factors of 63927577.
7, 9132511
List the prime factors of 2401117386.
2, 3, 400186231
What are the prime factors of 2641063720?
2, 5, 66026593
What are the prime factors of 163332734?
2, 67, 1218901
List the prime factors of 3936906193.
11, 71, 5040853
List the prime factors of 255189625.
5, 1097, 1861
List the prime factors of 48676201.
7, 37, 163, 1153
List the prime factors of 31291537.
19, 1646923
List the prime factors of 1904904329.
239, 7970311
What are the prime factors of 154021694?
2, 401, 192047
List the prime factors of 216997410.
2, 3, 5, 7, 23, 44927
What are the prime factors of 99311201?
11, 9028291
List the prime factors of 936708413.
367, 599, 4261
List the prime factors of 32233586.
2, 7, 11, 37, 5657
List the prime factors of 152315790.
2, 3, 5, 11, 67, 83
What are the prime factors of 625960646?
2, 139, 383, 5879
List the prime factors of 461569124.
2, 115392281
List the prime factors of 190299885.
3, 5, 29, 437471
What are the prime factors of 874223706?
2, 3, 19, 7668629
List the prime factors of 222448427.
222448427
List the prime factors of 208020084.
2, 3, 389, 44563
List the prime factors of 91722596.
2, 7, 137, 23911
List the prime factors of 138068964.
2, 3, 11, 151, 2309
List the prime factors of 31282928.
2, 1955183
What are the prime factors of 88144973?
7, 149, 12073
List the prime factors of 398284702.
2, 521, 382231
What are the prime factors of 161877378?
2, 3, 13, 19, 109229
What are the prime factors of 719503378?
2, 11, 32704699
List the prime factors of 10489884.
2, 3, 17, 51421
What are the prime factors of 77539345?
5, 13, 821, 1453
List the prime factors of 533416235.
5, 11, 37, 262121
List the prime factors of 84643799.
17, 4979047
List the prime factors of 976444105.
5, 7, 13, 19, 179, 631
What are the prime factors of 520318854?
2, 3, 11, 691, 3803
List the prime factors of 235362840.
2, 3, 5, 29, 47, 1439
List the prime factors of 233032151.
11, 41, 516701
List the prime factors of 198369418.
2, 13, 229, 33317
What are the prime factors of 1037226876?
2, 3, 7, 29, 425791
What are the prime factors of 57655763?
11, 71, 73823
List the prime factors of 78671602.
2, 39335801
List the prime factors of 248649072.
2, 3, 7, 17, 101, 431
What are the prime factors of 202878600?
2, 3, 5, 179, 1889
What are the prime factors of 243206746?
2, 3881, 31333
What are the prime factors of 82604629?
82604629
List the prime factors of 39278654.
2, 2179, 9013
List the prime factors of 259768359.
3, 28863151
What are the prime factors of 732893?
7, 14957
What are the prime factors of 13251981?
3, 1237, 3571
List the prime factors of 208159159.
13, 94747
List the prime factors of 115407615.
3, 5, 19, 557, 727
What are the prime factors of 103839143?
149, 696907
What are the prime factors of 21855742?
2, 10927871
List the prime factors of 495493377.
3, 165164459
What are the prime factors of 615812278?
2, 307906139
List the prime factors of 429557648.
2, 13, 2065181
List the prime factors of 882943307.
281, 743, 4229
What are the prime factors of 1432099358?
2, 557, 1285547
List the prime factors of 173476571.
173476571
List the prime factors of 179507983.
941, 190763
List the prime factors of 488302749.
3, 11, 548039
List the prime factors of 117131018.
2, 4259, 13751
List the prime factors of 78271569.
3, 2898947
What are the prime factors of 77224954?
2, 617, 62581
List the prime factors of 864389837.
17, 2699, 18839
What are the prime factors of 547195905?
3, 5, 450367
What are the prime factors of 1012336113?
3, 163, 2070217
What are the prime factors of 40416507?
3, 137, 32779
What are the prime factors of 126389298?
2, 3, 7, 43, 47, 1489
List the prime factors of 91614146.
2, 13, 37, 95233
What are the prime factors of 10177938?
2, 3, 565441
What are the prime factors of 7622955869?
73, 104424053
What are the prime factors of 585231747?
3, 877, 222437
What are the prime factors of 92497498?
2, 46248749
List the prime factors of 21284153.
11, 17, 113819
List the prime factors of 38104314.
2, 3, 6350719
What are the prime factors of 1679686294?
2, 11, 13, 109, 53881
What are the prime factors of 3678424038?
2, 3, 257, 647, 1229
List the prime factors of 1491934371.
3, 497311457
What are the prime factors of 25391706?
2, 3, 79, 53569
List the prime factors of 468233518.
2, 234116759
What are the prime factors of 275513786?
2, 137756893
List the prime factors of 533799514.
2, 1693, 157649
What are the prime factors of 9893964?
2, 3, 824497
List the prime factors of 1271755186.
2, 13, 43, 1137527
List the prime factors of 201608766.
2, 3, 11200487
List the prime factors of 140889.
3, 7, 6709
List the prime factors of 712756659.
3, 237585553
What are the prime factors of 57935610?
2, 3, 5, 643729
List the prime factors of 360624045.
3, 5, 24041603
List the prime factors of 263365499.
263365499
What are the prime factors of 190507102?
2, 95253551
List the prime factors of 69436927.
7, 643, 15427
List the prime factors of 1594978092.
2, 3, 37, 32363
What are the prime factors of 61657819?
1193, 51683
What are the prime factors of 23596135?
5, 4719227
What are the prime factors of 324599603?
324599603
What are the prime factors of 32424181?
23, 53, 67, 397
What are the prime factors of 2513855782?
2, 31, 40546061
What are the prime factors of 63502428?
2, 3, 11, 139, 3461
List the prime factors of 76038313.
13, 41, 331, 431
List the prime factors of 38795117.
1697, 22861
What are the prime factors of 1910565443?
29, 65881567
What are the prime factors of 1340138380?
2, 5, 7, 73, 131129
What are the prime factors of 1665881263?
89, 18717767
List the prime factors of 221166818.
2, 29, 3813221
List the prime factors of 7362040.
2, 5, 7, 26293
List the prime factors of 464201016.
2, 3, 41, 471749
What are the prime factors of 361911499?
361911499
What are the prime factors of 310685973?
3, 13, 151, 52757
What are the prime factors of 544839296?
2, 73, 58309
What are the prime factors of 116042313?
3, 61, 127, 4993
What are the prime factors of 178562884?
2, 107, 417203
List the prime factors of 830383540.
2, 5, 7, 5931311
List the prime factors of 49052019.
3, 1171, 13963
List the prime factors of 303060318.
2, 3, 11, 4591823
What are the prime factors of 2412071099?
59, 263, 359, 433
List the prime factors of 9221981.
739, 12479
List the prime factors of 734986848.
2, 3, 97, 78929
What are the prime factors of 187035389?
109, 317, 5413
List the prime factors of 47278144.
2, 738721
What are the prime factors of 1097991005?
5, 443, 495707
List the prime factors of 43384149.
3, 47, 102563
What are the prime factors of 1040858939?
599, 1737661
What are the prime factors of 29919800?
2, 5, 211, 709
What are the prime factors of 1917025321?
23, 197, 423091
What are the prime factors of 780494447?
780494447
List the prime factors of 896209168.
2, 23, 2435351
List the prime factors of 269346508.
2, 19, 1481, 2393
What are the prime factors of 689702650?
2, 5, 7, 13, 29, 5227
What are the prime factors of 74141515?
5, 7, 19, 111491
What are the prime factors of 11684936?
2, 1460617
What are the prime factors of 348305195?
5, 7, 67, 148531
What are the prime factors of 124379820?
2, 3, 5, 17, 797
What are the prime factors of 6210317574?
2, 3, 199, 577919
List the prime factors of 908504985.
3, 5, 827, 73237
List the prime factors of 4890614994.
2, 3, 31, 307, 28549
List the prime factors of 2079528478.
2, 1039764239
What are the prime fact